).
-28
Let q(v) = -v**3 - 5*v**2 + 39. Give q(0).
39
Let o(g) = 2*g**3 - 33*g + 3. Determine o(4).
-1
Let y(p) = -p**2 + 17*p + 70. Calculate y(-7).
-98
Let d(v) = 90*v**2 - 534*v - 9. Give d(6).
27
Let q(m) = -2*m**3 + 11*m**2 - 88. Calculate q(-4).
216
Let r(l) = -3*l**2 + 52*l - 2. What is r(14)?
138
Let a(t) = t**2 - 47*t - 1695. Determine a(69).
-177
Let x(o) = -113*o - 764. Give x(-7).
27
Let l(f) = 2*f**3 + 21*f**2 - f - 29. Determine l(-9).
223
Let l(s) = -5*s**3 - 30*s**2 - 25*s - 202. Determine l(-6).
-52
Let a(h) = -39*h**2 + 1646*h - 337. Calculate a(42).
-1
Let l(f) = -f**3 + 58*f + 113. Determine l(-2).
5
Let z(i) = -13*i**3 + 49*i**2 + 12*i. Calculate z(4).
0
Let x(d) = -2*d**3 - 152*d**2 - 164*d - 392. Determine x(-75).
658
Let i(d) = -21*d - 268. Determine i(-11).
-37
Let c(p) = -337*p - 4713. What is c(-14)?
5
Let o(y) = -12*y + 79. Give o(7).
-5
Let o(r) = -r**3 - 33*r**2 + 11*r + 1428. Give o(-32).
52
Let v(t) = -t**3 + 81*t**2 - 1135*t + 68. Calculate v(63).
5
Let d(b) = -50*b - 1459. Calculate d(-32).
141
Let s(q) = 43*q**2 + 10*q + 10. Give s(-1).
43
Let w(u) = -80*u**2 + 593*u - 2. What is w(7)?
229
Let h(b) = b**3 + 7*b**2 + b - 62. What is h(-6)?
-32
Let c(l) = -6*l**3 - 96*l**2 + 9*l + 138. Calculate c(-16).
-6
Let l(p) = -35*p + 1310. Calculate l(40).
-90
Let k(b) = b**3 - 42*b**2 + 115*b + 166. Give k(39).
88
Let f(o) = -4*o**2 - 801*o + 2416. Calculate f(3).
-23
Let c(n) = 63*n + 160. Calculate c(-3).
-29
Let f(j) = j**3 - j**2 + 19*j - 78. Give f(3).
-3
Let g(u) = -12*u + 137. Give g(15).
-43
Let q(m) = -18*m**2 - 481*m + 87. Calculate q(-27).
-48
Let d(j) = 6*j**3 - 2*j**2 + 7*j - 1. Give d(3).
164
Let k(x) = 2*x**3 + 69*x**2 + 99*x - 19. What is k(-33)?
-19
Let u(z) = 52*z - 513. Determine u(11).
59
Let q(b) = 722*b + 1428. What is q(-2)?
-16
Let v(t) = 197*t - 39590. Give v(201).
7
Let y(v) = -6*v**2 + 68*v + 5. Determine y(11).
27
Let w(y) = -y**3 + 10*y**2 - 4*y + 161. Give w(11).
-4
Let c(n) = -2*n**2 - 87*n + 44. What is c(-44)?
0
Let b(l) = l**2 + 54*l + 152. Give b(-52).
48
Let o(u) = u**3 - 82*u**2 - 1803*u + 286. Give o(100).
-14
Let r(b) = 5*b**3 - 99*b**2 - 9*b + 23. Give r(20).
243
Let g(j) = -j**2 - 6*j - 5. Determine g(3).
-32
Let c(k) = -7*k**2 + 289*k + 2317. What is c(-7)?
-49
Let p(x) = 5*x**2 - 33*x + 186. What is p(7)?
200
Let d(u) = u**3 + 4*u**2 + 152*u + 591. Determine d(-4).
-17
Let f(a) = -a**3 - 3*a**2 + 5*a + 1. Give f(2).
-9
Let w(f) = -f + 147. What is w(71)?
76
Let f(l) = 23*l - 771. Determine f(32).
-35
Let d(w) = -166*w**2 + 62*w + 60. Calculate d(-1).
-168
Let j(u) = 1848*u + 7413. What is j(-4)?
21
Let f(k) = -k**2 - 66*k - 169. Determine f(-3).
20
Let u(h) = 562*h - 5110. Determine u(9).
-52
Let w(u) = u**3 + 6*u**2 - 17*u - 91. Calculate w(-7).
-21
Let r(j) = -26*j - 669. What is r(-39)?
345
Let z(a) = 2*a**2 - 83*a + 419. Give z(41).
378
Let w(t) = -27*t - 359. Calculate w(-13).
-8
Let u(x) = x**3 + 106*x**2 - 3276*x - 139. Give u(-131).
-8
Let n(l) = -3*l**2 - 35*l - 201. Give n(-7).
-103
Let j(d) = d**3 - 47*d**2 + 129*d + 125. Determine j(44).
-7
Let y(w) = 9857*w + 128148. Give y(-13).
7
Let k(r) = -19*r + 889. Give k(49).
-42
Let s(a) = -36*a + 851. What is s(24)?
-13
Let g(k) = -181*k - 679. Give g(-4).
45
Let y(p) = -p**2 - 3338*p - 46548. Determine y(-14).
-12
Let l(q) = -25*q**2 - 677*q + 647. What is l(-28)?
3
Let m(s) = -41*s + 521. Determine m(10).
111
Let d(f) = -2146*f - 214612. Determine d(-100).
-12
Let c(k) = k**2 + 62*k - 7. Give c(0).
-7
Let z(r) = -20*r + 65. Determine z(0).
65
Let m(t) = -2*t**3 - 32*t**2 + 124*t + 183. Determine m(-19).
-7
Let t(k) = 3127*k**2 - 6255*k + 3. Give t(2).
1
Let z(p) = 229*p - 18096. Calculate z(79).
-5
Let z(t) = t**2 - 75*t + 1397. Calculate z(30).
47
Let q(m) = m**2 - 16*m - 280. What is q(26)?
-20
Let t(z) = 19*z**2 + 44*z - 43. What is t(-3)?
-4
Let z(g) = -64*g - 20. Calculate z(0).
-20
Let f(b) = -b**3 + 9*b**2 - 2133*b + 23707. Calculate f(11).
2
Let p(h) = -h**3 + 5*h**2 - 26*h + 60. Determine p(3).
0
Let m(w) = w**3 - 37*w**2 + 135*w - 1160. Determine m(34).
-38
Let w(y) = -55*y**2 + 33*y - 123. Calculate w(4).
-871
Let m(n) = 7*n**3 - 70*n**2 - 27*n + 9. Give m(10).
-261
Let c(g) = -g**3 - 25*g**2 + 117*g - 1018. Give c(-30).
-28
Let p(w) = 22*w + 324. What is p(-15)?
-6
Let x(j) = -10*j - 80. Determine x(28).
-360
Let v(k) = 68*k + 4686. Give v(-70).
-74
Let z(f) = 55*f**2 + 37*f + 36. Give z(-1).
54
Let h(a) = -a**3 + 10*a**2 - 2*a + 50. Determine h(11).
-93
Let k(f) = -21*f**2 + 942*f + 105. Determine k(45).
-30
Let r(l) = -15*l**2 + 30*l - 26. What is r(6)?
-386
Let a(v) = -27*v + 334. What is a(-25)?
1009
Let k(b) = 58*b - 2336. What is k(37)?
-190
Let l(h) = -h**3 - 30*h**2 + 204*h - 83. Calculate l(-36).
349
Let q(o) = -2*o**2 + 4*o + 14. Calculate q(-2).
-2
Let y(j) = 77*j + 467. Calculate y(-14).
-611
Let s(b) = 40*b**3 + 4039*b**2 - 102*b - 97. What is s(-101)?
4
Let c(z) = 7*z**3 + z**2 - 5*z - 5. Calculate c(-1).
-6
Let n(d) = 60*d**2 + 482*d + 10. What is n(-8)?
-6
Let n(s) = -s**2 + 45*s - 200. What is n(5)?
0
Let n(o) = -356*o - 1713. Determine n(-5).
67
Let i(g) = 12*g + 345. What is i(-29)?
-3
Let n(q) = 23*q + 265. Calculate n(-9).
58
Let u(l) = -2*l**3 - 41*l**2 - 64*l - 118. Calculate u(-19).
15
Let y(v) = -11*v - 185. Give y(-17).
2
Let p(l) = 47*l**2 + 562*l - 17. Give p(-12).
7
Let r(b) = -7*b**2 + 51*b - 94. Give r(5).
-14
Let r(w) = -2*w**3 + 90*w**2 + 85*w + 327. Calculate r(46).
5
Let c(p) = -p - 5. Give c(23).
-28
Let b(j) = -j**2 + 38611*j - 115830. Determine b(3).
-6
Let k(z) = 9*z - 403. Give k(44).
-7
Let z(k) = 8*k - 435. What is z(54)?
-3
Let f(c) = -c**2 - 43*c - 48. What is f(-44)?
-92
Let h(b) = 184*b + 3687. What is h(-20)?
7
Let q(z) = 8*z**2 - 83*z - 273. What is q(13)?
0
Let n(j) = -31*j + 365. Determine n(12).
-7
Let l(u) = 2*u**3 - 79*u**2 - 205*u - 220. Give l(42).
-10
Let u(m) = 16*m**2 + 143*m + 286. Give u(-2).
64
Let n(g) = 2*g**3 - 3*g**2 + 11*g - 20. Calculate n(2).
6
Let k(a) = a**2 + 10*a + 9. Give k(-12).
33
Let q(d) = 2*d - 63. Determine q(32).
1
Let v(o) = -9*o - 307. What is v(-33)?
-10
Let z(p) = 3*p**2 - 319*p + 410. What is z(105)?
-10
Let p(d) = -20*d**2 - 7*d + 22. Determine p(3).
-179
Let t(h) = 68*h**2 - 324*h + 7. Give t(5).
87
Let c(q) = -2*q**2 + 75*q + 1250. Calculate c(50).
0
Let s(j) = -j**3 + 53*j**2 + 782*j - 122. What is s(65)?
8
Let u(w) = -109*w**2 - 72*w - 136. What is u(-2)?
-428
Let q(u) = 8*u**2 + 53*u + 101. Determine q(-2).
27
Let h(m) = m**2 + 29*m - 492. Determine h(-42).
54
Let j(t) = -3*t**2 + 35*t - 382. What is j(0)?
-382
Let f(m) = -11*m**2 - 547*m - 1998. What is f(-4)?
14
Let r(c) = -58*c + 231. What is r(4)?
-1
Let u(d) = 491*d + 2949. Give u(-6).
3
Let o(y) = 6*y**3 + 2029*y**2 + 337*y - 341. Calculate o(-338).
-3
Let s(x) = -4*x**2 - 74*x - 107. Calculate s(-17).
-5
Let w(f) = -44*f**3 - 266*f**2 - 5*f - 11. Give w(-6).
-53
Let w(k) = k**2 + 60*k + 308. Calculate w(-6).
-16
Let g(k) = -10999*k - 33002. What is g(-3)?
-5
Let u(d) = -2*d**2 - 127*d - 2020. What is u(-34)?
-14
Let s(n) = -1194*n + 245962. What is s(206)?
-2
Let x(f) = -7*f**3 + 4*f**2 - 13*f - 3. What is x(3)?
-195
Let o(i) = -2*i**2 + 20*i - 133. What is o(7)?
-91
Let w(o) = o**2 + 545*o + 5875. Calculate w(-11).
1
Let g(d) = d**2 - 44*d - 1450. Determine g(-22).
2
Let r(w) = 11*w**3 - 133*w**2 + 13*w + 12. Calculate r(12).
24
Let x(k) = -k**2 + 105*k + 1554. What is x(-13)?
20
Let c(f) = f**3 + 56*f**2 + 303*f + 148. Determine c(-50).
-2
Let x(u) = 48*u + 170. What is x(-4)?
-22
Let h(x) = -32*x - 1289. Calculate h(-36).
-137
Let l(t) = -90*t + 2343. Determine l(26).
3
Let u(n) = n**3 - 7*n**2 + 6*n + 10. Determine u(8).
122
Let x(n) = 1083*n + 7585. What is x(-7)?
4
Let l(b) = 9*b**2 + 44*b + 42. What is l(-4)?
10
Let c(g) = -3*g**2 + 147*g - 1786. Calculate c(21).
-22
Let b(d) = 2*d**3 - 2*d**2 + 16*d + 31. Calculate b(-2).
-25
Let l(z) = 2381*z + 35753. Give l(-15).
38
Let h(s) = -5*s**2 - 191*s + 5. Determine h(-38).
43
Let c(u) = -30*u - 79. Give c(-1).
-49
Let a(h) = -h**2 - 40958*h + 81916. What is a(2)?
-4
Let g(i) = 810*i - 4857. Give g(6).
3
Let v(m) = 38*m - 301. Determine v(7).
-35
Let c(i) = -i**2 - 49*i + 4732. Determine c(49).
-70
Let d(l